of p(-4).
2
Let b = 226 + -140. What are the prime factors of b?
2, 43
Let b(u) = -26*u + 14. What are the prime factors of b(-5)?
2, 3
Let t(h) be the second derivative of h**4/6 - h**3/2 - 3*h**2/2 + 5*h. Let p(l) = -l**3 + 4*l**2 - 2*l. Let s be p(3). What are the prime factors of t(s)?
2, 3
Let t be ((-36)/(-8))/(6/8). Suppose 0 = -5*k + t*k - 20. What are the prime factors of k?
2, 5
Let b(x) be the second derivative of x**5/20 + 5*x**4/12 - x**3/6 + 7*x**2/2 - 2*x. Suppose 5*a + 3*d = -40, 2*a - d - d = 0. List the prime factors of b(a).
2, 3
Suppose 4 = 4*j, -s + j + 15 = -5. Let b = s + 0. What are the prime factors of b?
3, 7
Suppose -p + 12 = 3*z, -6 = 3*z - 2*p - 3*p. Suppose -12 = -4*w + 4*d, z*w - 2*w - 5*d = -9. What are the prime factors of 2 + 16/w*3?
2, 5
Let b(v) = v**3 + 11*v**2 - v - 10. What are the prime factors of b(-4)?
2, 53
Let s be (-2)/6 - 20/(-6). Suppose s*b - 15 = -0*b. What are the prime factors of b?
5
Suppose -f - 5*f + 1872 = 0. List the prime factors of f.
2, 3, 13
Let q = 26 + 5. Suppose -3*n - q = 3*b + b, 20 = -5*b. What are the prime factors of n*(-1 + (-6)/10)?
2
Let a(s) = s**3 - 10*s**2 + 8*s + 11. Let u be a(9). Let q be (-1)/(3/(-6)*2). Suppose -u*t + 6 = 4*n, 3 - q = 3*n + 2*t. List the prime factors of n.
2
Suppose -2*q = j - 3*q - 147, -4*q + 448 = 3*j. What are the prime factors of j?
2, 37
Let q(m) = -48*m**3 - 2*m**2 - 2*m - 1. What are the prime factors of q(-1)?
47
Let q = 52 - 35. What are the prime factors of q?
17
Let x(p) = -p**2 - 7*p - 9. Let c be x(-6). Let f(v) = -v**3 + 0*v**3 + 4*v**2 + 2*v + 2*v**3. List the prime factors of f(c).
3
Let b be 1 - 3/3 - -93. Suppose -h + b = h - v, -3*h - 4*v = -156. What are the prime factors of h?
2, 3
Let v = 18 + -10. Let x = -3 + v. Suppose 3*n - 4*m + 34 = 5*n, -5*n = -x*m - 10. What are the prime factors of n?
7
Suppose 4*q + 5*s - 99 = 35, -2*s + 32 = q. What are the prime factors of q?
2, 3
Let n(r) = 3*r**2 + 8*r. Let z(l) = -8*l**2 - 23*l + 1. Let j(b) = 11*n(b) + 4*z(b). What are the prime factors of j(5)?
3
Suppose -3*c - 126 = -2*m - 2*m, -2*m + 5*c = -56. What are the prime factors of m?
3, 11
Let i be 10/(-5) + (-884)/4. List the prime factors of (-6)/10 + i/(-5).
2, 11
Let r(d) = -d**2 - 7*d. Let b be r(-7). Suppose -6*f + f + 40 = b. What are the prime factors of f?
2
Let u be -9 + 6 - 14/(-1). Let n(m) = m**2 - 8*m - 15. Let w be n(u). List the prime factors of 294/w + (-1)/3.
2
Let a(s) = 33*s**2 - 2*s. What are the prime factors of a(1)?
31
Let v be (-1)/((21/6)/(-7)). List the prime factors of ((-1 - 2) + 19)/v.
2
Let k = 19 + -37. Let a = 32 - k. What are the prime factors of a?
2, 5
Let t(l) = 2*l**2 - l - 4. Let x be (-3)/(-3)*4 - 1. List the prime factors of t(x).
11
Let h(k) = -2*k**3 - k**2 + 2*k + 1. List the prime factors of h(-3).
2, 5
Suppose -2*j + 3 = j + 5*d, 2*j - 9 = -d. List the prime factors of 17 + 4 + -7 + j.
2, 5
Suppose 0 = -v + 4. Let w(z) = -z. Let n be w(0). Suppose n*p - v = -2*p. What are the prime factors of p?
2
Let z(x) = 6*x**2 + 2*x - 2. Let m = -8 - 0. Let f(h) = -h**3 - 7*h**2 + 7*h - 10. Let v be f(m). List the prime factors of z(v).
2, 3
What are the prime factors of 0 - -26 - -3 - -3?
2
Suppose -8*f + 14 = -7*f. What are the prime factors of f?
2, 7
Let f(t) = -5*t - 13. Let v be f(-10). Let z = v + -20. What are the prime factors of z?
17
Suppose -4*i - 22 - 2 = 0. What are the prime factors of 0 + -3*14/i?
7
Suppose -10*l = -9*l - 4. Suppose -3*q + l*w + 63 = 2*w, -q - 4*w = -21. List the prime factors of q.
3, 7
Let z(q) = -q**2 + 8*q - 7. Let x be z(5). Let u be (-214)/x - (-3)/(-12). List the prime factors of u/(-6) - (-2)/4.
5
Let j(l) be the first derivative of 1/3*l**3 + 0*l**2 - 1/4*l**4 + 1 + 18*l. List the prime factors of j(0).
2, 3
Let j = 8 - 5. Suppose -j*h - 1 + 16 = 0. What are the prime factors of h?
5
Suppose -5*b + 8*b = -5*x - 12, -20 = -5*x + 5*b. Let l(t) = -4*t + 18. Let v(h) = 9*h - 36. Let m(n) = 7*l(n) + 3*v(n). List the prime factors of m(x).
2, 3
Let g = 280 + -100. Let b be g/42 + (-2)/7. Suppose 5*r - 15 = 0, b*m + 2*r = 24 + 6. What are the prime factors of m?
2, 3
Suppose -4*r + 12 = -4. Suppose -3*f - 61 = -r*u, 7 = u - 3*f - 6. What are the prime factors of u?
2
Suppose -4*r + 84 = 4*a, -a - r = -3*a + 42. Suppose 4*h + 3*p - a = 0, -5*h - 2*p + 7*p = 0. Suppose 2*z - 3 = h. List the prime factors of z.
3
Suppose 2*k + 5*p + 55 = -3*k, -23 = k + 4*p. Let r = 14 + k. List the prime factors of r.
7
Let g be (2/3)/(6/(-27)). Let m = -38 - -53. Let z = m + g. List the prime factors of z.
2, 3
Let r(u) = u**3 + 2*u**2 - 5*u - 4. Let z be r(-3). Let v be 0 + (-5)/(5/z). Let y = v + 4. What are the prime factors of y?
2
Let h(i) be the third derivative of i**6/120 + 7*i**5/60 - 11*i**4/24 + i**3/2 + 6*i**2. List the prime factors of h(-8).
3
What are the prime factors of (-6)/(-10) - (-798)/70?
2, 3
Let f(i) = -4*i + 5*i**2 - 3*i**2 + 0*i**2 - 2. Suppose 0 = -5*r - 5*o + 5, o + 6 + 17 = 5*r. List the prime factors of f(r).
2, 7
Suppose -4 - 6 = -2*w. Suppose -5*d + 0*z + 65 = z, 65 = w*d + 5*z. What are the prime factors of d?
13
List the prime factors of 1110/4 + 39/(-78).
277
Let c = 62 - 31. What are the prime factors of c?
31
What are the prime factors of 4/(-6)*1*(-645)/2?
5, 43
Suppose 7*a = -0*a - 70. List the prime factors of (a*(1 + 8))/(-2).
3, 5
Suppose d - 126 + 37 = -4*b, 0 = 2*b - d - 37. List the prime factors of b.
3, 7
Let d(o) = o + 12. Let b(n) = 1. Let w(j) = -22*b(j) + 2*d(j). Let k be w(-3). Let y = 6 + k. List the prime factors of y.
2
Let m be (-1)/(20/(-8) - -2). What are the prime factors of -2 + 6 + 2/m?
5
Let f = 9 - 1. What are the prime factors of f?
2
Let y = -6 + 8. Suppose 20 = -q + y*q. What are the prime factors of q?
2, 5
Let i(z) be the third derivative of 1/60*z**5 + 3*z**2 - 1/24*z**4 + 1/2*z**3 + 0 + 0*z. List the prime factors of i(4).
3, 5
Let x = 26 + 42. List the prime factors of x.
2, 17
Suppose -5*l = -2*l - 9. Let k = -2 + 3. Suppose k = l*t - 17. What are the prime factors of t?
2, 3
Let m = 16 + 3. Suppose -2*g + m = -13. List the prime factors of g/56 + 136/14.
2, 5
Suppose 2*q + 51 = l, -2*l - 3*l + 5*q = -230. What are the prime factors of l?
41
Let g(t) = -t + 4. Let v be g(3). Let h = 2 + v. List the prime factors of 1 + h + 2/(-2).
3
Suppose -m + 6 = m. Let b be (m/2)/((-3)/(-4)). Let t = b + 7. What are the prime factors of t?
3
Let z be (3/4)/(1/4). Let k = -56 + 78. Suppose y + 14 = z*q - 3*y, 0 = 3*q + 4*y - k. What are the prime factors of q?
2, 3
Suppose 0 = 4*k - k. Let i(v) = -v**2 + 10. List the prime factors of i(k).
2, 5
Suppose -m - m = -10. Suppose 4*o = m*a, 3*a - 4*o + 8 + 0 = 0. List the prime factors of a.
2
List the prime factors of 4/(-6) - 28/(-6) - -86.
2, 3, 5
Suppose 2*g + g - 15 = 0, 17 = -2*d + 5*g. List the prime factors of d.
2
Suppose -2*s = -s. List the prime factors of s + (-7)/(21/(-30)).
2, 5
Let u(w) = -12*w - 4 + 2 - 1. What are the prime factors of u(-4)?
3, 5
Let q = -41 - -9. Let d be 4/(-14) + q/(-14). Suppose -b + 8 = d*i - 12, -4*i + 20 = 0. List the prime factors of b.
2, 5
Suppose 4*a - 6 = 6. Suppose -a*n = -6*n + 78. Suppose -n = -3*r + r. List the prime factors of r.
13
Let m(l) = l**3 + 9*l**2 - 15*l - 3. List the prime factors of m(-10).
47
Let c(d) = -d**2 + d**2 + d**2 - 2*d + 28*d**3 + 1. Let p be c(1). List the prime factors of (-4)/(-6) - p/(-3).
2, 5
List the prime factors of ((-6)/(-9) + 147/9)/1.
17
Let l be 6/(-3) - (-41 + 1). Let q be (-2)/(-2 - 0)*l. Let t = q + -27. List the prime factors of t.
11
Suppose -70 = 3*y - y - 5*n, -y + 5*n = 40. Suppose 0 = 5*c + 15, -u - 71 = u - c. What are the prime factors of (-18)/y - u/5?
2
Suppose 3*s = -0*s + 6. Let d(q) = 2*q**2 - 2*q + 1. Let c be d(s). Suppose 5*p + 35 = c*h - 0*h, 5*h - 2*p - 20 = 0. What are the prime factors of h?
2
Let z = -20 - -142. Suppose z = 3*l - k + 13, -k = 5*l - 179. What are the prime factors of l?
2, 3
Let f = -1 - -12. List the prime factors of f.
11
Suppose 0*i = 5*i - 360. List the prime factors of i.
2, 3
Let n = -9 - -18. Suppose -58 = 7*b - n*b. List the prime factors of b.
29
Let a = -17 - -8. Let j = 12 + a. What are the prime factors of j?
3
Let j(n) = -2*n - 3. Let y 